164, -4*s = -3*q - 162. What is the highest common divisor of 3 and s?
3
Suppose l - 2*l + 158 = 4*w, 4*w = 2*l - 328. Calculate the greatest common divisor of 405 and l.
81
Let l be -53 - ((-4)/4)/1. Let g = 88 + l. Suppose -4*n = -3 - 13. What is the greatest common factor of g and n?
4
Suppose -l + 4*s = -52, -14*l - 2*s = -9*l - 194. Calculate the highest common factor of l and 15.
5
Let l be -31 + (0 - (-12)/4). Let w be 2/7 + (-720)/l. What is the highest common divisor of 182 and w?
26
Suppose 4*i - 199 = -4*h + 113, 90 = i + 5*h. Calculate the greatest common divisor of i and 15.
15
Suppose -9*a + 40 = a. Let w be a/6 - -446*(-5)/(-30). Calculate the greatest common divisor of 25 and w.
25
Let q(g) = g**3 - 7*g**2 + 5*g - 1. Let k be q(7). Suppose 5*s - k = 56. Suppose -5*n = -42 - s. Calculate the highest common divisor of 8 and n.
4
Let w(t) = 3*t**3 - 3*t**2 + 3*t. Let a be w(2). What is the highest common factor of a and 18?
18
Suppose 27*m = 3*m + 72. What is the highest common divisor of m and 41?
1
Let z(f) = f**2 + 5*f + 2. Suppose 4*y + 0*q = -3*q - 21, 0 = 4*y - 3*q + 27. Let c be z(y). What is the greatest common divisor of 24 and c?
8
Let v be 15 + 0 - (-6 - -9). Let k = -28 - -76. What is the highest common factor of v and k?
12
Let m(r) = 19*r**3 - 3*r**2 + 2*r. Let n be m(1). Calculate the greatest common factor of n and 36.
18
Let c be (6/(-9))/(4/(-78)). Let i(n) = 2*n + 6. Let z be i(9). Let g = 37 - z. What is the highest common divisor of g and c?
13
Suppose -3*p = -3*q + 228 + 216, 3*q - 2*p - 448 = 0. Let y(c) = 4*c - 1. Let z be y(5). What is the greatest common factor of q and z?
19
Suppose -2*f = 60 - 340. Calculate the greatest common divisor of f and 20.
20
Let t = 6854 + -6749. Let x be (-118)/(-8) - (-2)/8. Calculate the highest common factor of x and t.
15
Let v = -19 + 23. Let h be (v - (-46)/(-10))*-75. What is the highest common factor of h and 75?
15
Let q(x) = 76*x**2 - 2*x - 1. Let d(c) = 3*c - 13. Let m be d(4). Let w be q(m). What is the greatest common factor of 11 and w?
11
Let h be (-13)/(52/18) + (-2)/4. Let d(i) = -i - 3. Let j be d(h). What is the greatest common divisor of j and 8?
2
Suppose -62*y + 65*y = 63. What is the greatest common factor of y and 987?
21
Let w be (12/(-10))/3 + 21/15. Let n be (-2*w)/((44/(-8))/11). What is the greatest common divisor of n and 4?
4
Let m(z) = z + 9. Let l be m(2). Let s = -22 + l. Let f = 31 + s. Calculate the highest common factor of f and 80.
20
Let y = -1 + 61. Suppose r = -3*r + y. Calculate the highest common divisor of r and 15.
15
Let d(i) = 6*i + 3. Let l be d(3). Let s be (3/(-2))/(l/(-28)). Suppose 3*n = -m - 1, -3 = -5*m + 2*m - 3*n. What is the highest common factor of m and s?
2
Suppose 13 = -j + 243. Let f be (j/(-4))/((-4)/8). Suppose -2*z - f = 3*k - 6*k, k - 5*z - 60 = 0. Calculate the highest common factor of k and 5.
5
Suppose q - 79 = 33. Suppose -2*s + 82 + 12 = 3*v, 0 = -4*v - 3*s + 127. Calculate the highest common factor of q and v.
28
Let i be 109 + 12/(-4) - -2. Suppose h = 4*h - i. Calculate the highest common divisor of 9 and h.
9
Let k(x) = -x**3 - 6*x**2 + 16*x - 2. Let t be k(-8). Let m be ((-13)/t)/(4/40). Calculate the highest common factor of 26 and m.
13
Suppose 8*r - 4*r = 648. Suppose 2*y + 28 = -4*u, 4*u + 8 = 2*u. Let h = 21 - y. Calculate the greatest common factor of h and r.
27
Let u be (-4)/(-14)*((-101150)/10)/(-17). Calculate the highest common factor of u and 1785.
85
Let g be (-4 + 229)/(6/32). Calculate the highest common factor of g and 24.
24
Let a = -263 + 770. Calculate the greatest common factor of 39 and a.
39
Suppose 0 = -4*g + 4*d + 88, 90 = 3*g + 11*d - 6*d. Calculate the highest common factor of g and 20.
5
Let p be ((-198)/30)/((-2)/10). Calculate the greatest common factor of 11 and p.
11
Suppose -u + 16 = -3*t + t, u - 22 = 4*t. Suppose 81 = u*l - 9*l. Calculate the greatest common factor of 27 and l.
27
Suppose 5*u + 0*u - 50 = 0. Suppose -5*b + c + 25 = 0, -b + 3*c - c + 5 = 0. Suppose 60 = u*x - b*x. Calculate the highest common factor of x and 132.
12
Let k be 107/6 + (-1)/(-6). Let b = -15 + k. Suppose b*d - 3*w - 17 - 10 = 0, -39 = -3*d - w. Calculate the highest common divisor of 3 and d.
3
Let j(w) = 5*w**2 + 2*w - 2*w**2 - 2 + 2*w**2 - 3*w**2. Let u be j(2). Let f(n) = 4*n**2 + n - 4. Let m be f(-2). What is the highest common divisor of u and m?
10
Let a(w) be the first derivative of 3*w**2 + 38*w + 40. Let f be a(12). What is the greatest common divisor of f and 44?
22
Suppose 232 = 5*g - 2*r, -5*g + 4*r + 43 = -181. Calculate the highest common divisor of g and 6.
6
Suppose 0 = -4*d - 3*k + 2067, k - 6*k + 1564 = 3*d. Calculate the greatest common divisor of d and 19.
19
Let d(w) = -4 + 66*w**3 - 11*w - 4*w + 17*w. Let o be d(2). What is the greatest common factor of 48 and o?
48
Let u(a) = 6*a - 2. Let o be 2*(3/(-1) + 4). Let k be u(o). Let r(l) = l + 14. Let y be r(k). Calculate the greatest common factor of 36 and y.
12
Let t = 282 + 536. Suppose 11*k - t = -92. Calculate the greatest common factor of 6 and k.
6
Suppose 4*d - 26 = -5*l + 43, 8 = -2*d. Let h = l + -12. Let a(x) = -x**3 + x**2 + 4*x + 1. Let c be a(-3). What is the highest common factor of h and c?
5
Suppose 177*d - 50 = 176*d. What is the greatest common factor of 210 and d?
10
Suppose -3*v + 12 = v. Suppose -3*z + 6 = -v. Suppose -z*q = -q - 24. Calculate the greatest common divisor of 12 and q.
12
Let x(r) = r**3 - 10*r**2 + 9*r + 10. Let v be 10 - (0 - 3) - 4. Let w be x(v). What is the highest common factor of w and 25?
5
Let l be 2/4*(0 + 0). Let q be ((-68)/51)/(2 + 34/(-15)). Suppose p - 6*p - 2*j + 195 = l, -q*p + 195 = -2*j. Calculate the highest common divisor of 13 and p.
13
Let n(i) = 52*i + 828. Let c be n(-15). Calculate the greatest common factor of 36 and c.
12
Let v = 66 + -51. What is the highest common factor of v and 255?
15
Suppose -1 = 3*k - 16, 4*k = -5*l + 60. What is the greatest common factor of 808 and l?
8
Suppose 5*z - 5*s - 110 = 0, 3*z - 2*s = 6*z - 56. Calculate the highest common divisor of z and 10.
10
Let r = 183 - 43. Suppose -4*q = -1163 + 1051. Calculate the highest common factor of r and q.
28
Let x be (-5)/(5/3 - 2/3). Let w be (-1002)/x + 4/(-10) - 0. What is the highest common divisor of w and 25?
25
Suppose -55 = 235*i - 240*i. Calculate the greatest common divisor of i and 55.
11
Suppose 0 = -z - 5*l + 18, -z + 11 = -136*l + 134*l. Calculate the greatest common factor of z and 11.
1
Let o = 39 + 3. Let h be (-2)/6 + 434/o. Calculate the highest common factor of 70 and h.
10
Suppose 0 = 5*a - d - 580, d + 453 = 4*a - 2*d. Calculate the highest common divisor of 9 and a.
9
Suppose 6*u = 9*u + 12. Let i be (2 - (u + 7))*-4. Suppose 0 = -i*q + 201 + 339. Calculate the greatest common divisor of 15 and q.
15
Let w(d) = -d**2 - 13*d - 19. Let n be w(-10). Suppose -101 + n = -5*h. Let y(i) = -2*i - 20. Let k be y(-11). What is the highest common divisor of k and h?
2
Suppose 0 = 17*q - 9807 - 3674. Calculate the greatest common factor of q and 244.
61
Let w = 816 - 764. What is the greatest common factor of w and 28?
4
Suppose u - 152 = -4*o + 35, 2*o = -4*u + 104. What is the greatest common factor of o and 1426?
46
Let f(c) = c + 9. Let x be f(11). Calculate the greatest common factor of 50 and x.
10
Let o = 54 + -55. Let u be 3 + 2 - -85 - o. What is the greatest common divisor of u and 14?
7
Let t(b) = -b**2 + 6*b + 12. Let j be t(-3). Let s = j + 41. What is the greatest common factor of 234 and s?
26
Suppose -3*d + 3*f = -84, -f - 46 = -2*d + 13. Suppose 0 = l - 5 - d. Suppose 4*g - 51 = -3. Calculate the highest common factor of g and l.
12
Let v(i) = 20*i**2 - 94*i + 32. Let m be v(10). Calculate the greatest common divisor of 84 and m.
84
Suppose -13*c - 28 + 236 = 0. Calculate the highest common divisor of c and 12.
4
Let n be (2 - 6) + (8 - -1). Suppose 2*y = -2*v + 310, -3*y - 469 = -6*y - n*v. What is the highest common factor of 17 and y?
17
Let j(y) = -2*y**2 + 11*y - 1. Let c be j(6). Let m(w) = w**3 + 8*w**2 - 5*w + 4. Let i be m(c). What is the greatest common divisor of i and 220?
44
Let s = -124 - -132. What is the greatest common factor of 1 and s?